3
Suppose 5201 + 5179 = 30*c. List the prime factors of c.
2, 173
Suppose 24 = -2*d - 4*b, -4*d + 2*b = 6*b + 28. Let x be (0 - 0)*1/d. Suppose 2*t - 10 = -x*y - y, 2 = t. List the prime factors of y.
2, 3
Suppose 0 = 2*p + 1 + 1. Let k(x) = x**3 - 22*x**2 + 22*x - 20. Let l be k(21). Let f = l - p. What are the prime factors of f?
2
Suppose 5*k + 2*j = 9490, 4*k - 167*j + 163*j = 7592. What are the prime factors of k?
2, 13, 73
What are the prime factors of (3 - (-5 + 139))*-3?
3, 131
Let i(w) = w**2 - 5*w - 83. What are the prime factors of i(17)?
11
Suppose -4*z - 2*x - 3*x + 205 = 0, 0 = 5*z - x - 220. Let a = 7710 - 4509. List the prime factors of a/z - 10/75.
71
Let h = 431 + -186. Let m be (8/10)/((-14)/h). Let v = -4 - m. List the prime factors of v.
2, 5
Suppose 4377 = 30*k - 1413. List the prime factors of k.
193
Suppose -4*s = -160 - 104. Let r(t) = -t**3 + t**2 + 3*t. Let n be r(3). Let m = n + s. What are the prime factors of m?
3, 19
Let o(k) = 8*k - 6. Let r be o(21). Suppose n - r = -2*j, -j - n + 81 = -3*n. List the prime factors of j.
3
Let a be (-2)/(3/(-18) + 21/90). List the prime factors of (4/(-6)*-36)/((-5)/a).
2, 3
Let w = 3271 - 2322. What are the prime factors of w?
13, 73
Suppose 0 = j + 4 + 1. Let s = 65 - j. Suppose -5*d = -5*w - s, 4*d + w + w = 26. List the prime factors of d.
3
Suppose 5*g = a + 346 - 3294, g = 5*a - 14788. List the prime factors of a.
2, 3, 17, 29
Let z = 260 - 52. What are the prime factors of z?
2, 13
Let v = 725 - -305. What are the prime factors of v?
2, 5, 103
Suppose -4754*v + 13734 = -4747*v. List the prime factors of v.
2, 3, 109
Let x = -2379 - -3532. List the prime factors of x.
1153
Let c be 10/45 + (-122)/(-18). Suppose 6*g = c*g - 2. Suppose 4*j + 12 = 5*x + 40, 3*x + 16 = g*j. What are the prime factors of j?
2
Suppose 4*l + 0*l = 64. Let h = l - -27. What are the prime factors of h?
43
Let j = -13 + 17. Suppose j*h - 255 = -71. Let p = h - 20. What are the prime factors of p?
2, 13
Let f = 29 + 370. List the prime factors of f.
3, 7, 19
Let x be (-1)/3*3*-5. What are the prime factors of x/15 + ((-244)/(-6) - 3)?
2, 19
Let t be (-6)/((-6)/4 - 0). Suppose r + 5*z - 204 = -2*r, 5*r = t*z + 377. Let m = r + -43. List the prime factors of m.
2, 3, 5
Let g = 85 - 84. List the prime factors of ((1*3)/g)/(33/418).
2, 19
Let p = 15 - 29. List the prime factors of 78/((4/p)/((-1)/7)).
3, 13
Let b(d) = d**2 + 3*d + 2. Let s be 1 - 2 - 2 - 3. Let p be b(s). Suppose -2*y + 62 = p. List the prime factors of y.
3, 7
Let b(u) = 52*u**2 + 10*u - 23. List the prime factors of b(4).
3, 283
Suppose 2*j + 5*b - 1143 = 0, -j - b - b = -570. What are the prime factors of j?
2, 3, 47
Let j be (-16)/10*(-30)/1. Let c = -76 + j. Let x = 8 - c. List the prime factors of x.
2, 3
Let g(j) = -5*j - 8 - 7 + 24 + 4*j**2 - 12. List the prime factors of g(4).
41
Suppose -7231 = -3*r - r - 3*n, 2*r = -4*n + 3618. What are the prime factors of r?
13, 139
Let j(z) = 30*z**2 - 64*z + 19. List the prime factors of j(9).
1873
Suppose -2586 = -43*a + 338. What are the prime factors of a?
2, 17
Suppose 11*o - 23292 - 5682 = 0. What are the prime factors of o?
2, 3, 439
Let a(o) be the second derivative of o**4/6 + o**3/3 - 3*o**2 - 4*o. Let c be a(-5). Let x = 5 + c. What are the prime factors of x?
3, 13
Suppose -7*r + 4*r - o + 1107 = 0, r + 4*o = 358. List the prime factors of r.
2, 5, 37
Suppose -678 = -3*x + 2340. List the prime factors of x.
2, 503
Let t(g) = -g**2 + 5*g - 2. Let v be t(4). Suppose v*d - 94 = -4*z, -4*d + z + 187 - 17 = 0. List the prime factors of d/(1/(-2)*-2).
43
Let r(q) = -q**2 - q + 19. Let y be r(-9). Let o = 75 + y. List the prime factors of o.
2, 11
Let b = 59 + -41. List the prime factors of b.
2, 3
Suppose 3*a - 146 = 5*a. Let t = -34 - a. What are the prime factors of t?
3, 13
Suppose -3*h - 2*h + 25 = -2*s, -2*h + 5*s + 31 = 0. Suppose 0 = 2*p - d + 13 - 202, -h*p + 3*d + 279 = 0. What are the prime factors of p?
2, 3
Let l be -1*2*1 + 3 + 2. Let y = -98 - -198. Suppose y = l*s - 29. What are the prime factors of s?
43
Let f(s) = -s**3 + 15*s**2 + 7*s - 30. Let i(y) = 4*y**3 - 60*y**2 - 27*y + 120. Let c(u) = 9*f(u) + 2*i(u). What are the prime factors of c(15)?
3, 5, 7
Suppose -15861 = -80*m + 63*m. List the prime factors of m.
3, 311
Let x be ((-125)/(-10))/((-1)/(-2)). Suppose y - 42 = -2*f, -4*f + 3*y + x + 79 = 0. List the prime factors of f.
23
Let s = -877 + 1352. List the prime factors of s.
5, 19
Let h = 16 - 34. Let w = h + 17. What are the prime factors of -1 + w + -1 + 30?
3
Let t(u) = 16*u + 7. Let n(z) = -18*z - 8. Let s(c) = 6*n(c) + 7*t(c). Let r be (-1 + -2)/((-6)/8). List the prime factors of s(r).
17
Let c(n) = -3*n**2 - 7*n + 2. Let p be c(-6). Let h = 99 + p. Suppose s - h = -11. What are the prime factors of s?
2, 3
Suppose 2*p + 2*p = -5*b + 31, 4*p - 1 = 5*b. Suppose b*u = -u + 8. What are the prime factors of u?
2
Let z be ((-4)/(-10))/((-7)/(-35)). Suppose -3*p - 4*w = -41, 35 = -z*p + 4*p - 5*w. Let n = 41 + p. List the prime factors of n.
2, 7
Let m(o) = -o**3 + 4*o**2 + 6*o - 3. Let y be m(5). Suppose 2*z = -y*z + 184. List the prime factors of z.
2, 23
Let h(u) = 2*u**2 - 14*u + 10. Let i be h(6). Let n(a) = 19*a + 7. Let l(v) = -20*v - 8. Let y(w) = -6*l(w) - 7*n(w). List the prime factors of y(i).
5
Suppose -4*s - 4*q + 202 = -366, 3*s + 5*q - 422 = 0. Let l = s + -58. List the prime factors of l.
2, 43
Let n(p) = -44*p - 22. List the prime factors of n(-10).
2, 11, 19
Let a be 45/27 + 1/3. Suppose -v - 2*y = -186, 3*v - a*y - 286 = 240. What are the prime factors of v?
2, 89
Let j = -415 + 984. What are the prime factors of j?
569
Let t(o) = 2*o**2 + 2*o - 2. Let l = 6 + -6. Suppose -5*u - 2 - 18 = l. What are the prime factors of t(u)?
2, 11
Let j = 896 + -796. What are the prime factors of j?
2, 5
Let n(f) = -19*f - 7. Let q be (-7)/42 + 34/(-12). List the prime factors of n(q).
2, 5
Let p = -109 + 1098. List the prime factors of p.
23, 43
Suppose -2 = -31*l + 30*l. What are the prime factors of l + (-1 - -218) + (-4 - -2)?
7, 31
Suppose -n + 0*n = -5*j + 8, -3*n + 4*j - 2 = 0. Suppose -2*l - n*l = 32. What are the prime factors of l/(-4) + 0 + 21?
23
Suppose -5*y + 584 = -166. Suppose 14 - y = -2*z. List the prime factors of z.
2, 17
Suppose 5*p - 7 - 13 = 0. Suppose p*c + 4*w = -c + 319, -c + 4*w = -59. List the prime factors of c.
3, 7
Suppose 5*k = -3 - 17. What are the prime factors of (14/(-21))/(k/42) + 3?
2, 5
Suppose 4*a - 28 = -4*h, a - h = -a + 17. Let w = 10 - a. What are the prime factors of 2*19/w + 1?
2, 5
Let z = 235 - 331. Let g = 144 + z. What are the prime factors of g?
2, 3
Let v(j) = j**3 - 2*j**2 - 14. Suppose 4*h = -5*n + 5, -4*h = 5*n - 3*h - 20. What are the prime factors of v(n)?
61
Let z be -22*(44/8 + -4). Let h(u) = 7*u + 5. Let v be h(7). Let q = v + z. What are the prime factors of q?
3, 7
Let i(w) be the third derivative of w**5/60 - 19*w**4/24 + 5*w**3/3 + 9*w**2. List the prime factors of i(19).
2, 5
Let o = 980 + -874. What are the prime factors of o?
2, 53
What are the prime factors of (-4)/(-24) + (12491/6 - 1)?
2081
Let x = -9 - -54. Suppose 2 = p - x. What are the prime factors of p?
47
Let p(m) = 2*m**3 + 12*m**2 + 4*m. Suppose 7*l = -0*l - 35. List the prime factors of p(l).
2, 3, 5
Let y(i) = 15*i**3 - 3*i**2 - 12*i - 21. What are the prime factors of y(6)?
3, 1013
Let h(t) = -22*t**3 - t**2 + 3*t + 6. List the prime factors of h(-5).
2, 7, 97
What are the prime factors of 1/(-9) + (-832752)/(-648)?
5, 257
Suppose -20 = -58*z + 53*z. Suppose z*f + 0*l + 2*l = 876, -2*f + 5*l + 414 = 0. List the prime factors of f.
7, 31
What are the prime factors of (8 + -34 + 9)/((-2)/122)?
17, 61
Let c = 2210 - 1512. List the prime factors of c.
2, 349
Suppose 2*v - 21 = -3*j, j + 4*v - 22 = -j. What are the prime factors of ((-84)/20)/(j/(-50))?
2, 3, 7
Let g(t) = t**2 + 4*t - 3. Let k be g(-5). Suppose -k*c - 194 = -4*c. List the prime factors of c.
97
Let r = -32 - -62. Let p(i) = -i**3 - 7*i**2 + 16*i + 52. Let x be p(-8). Let b = r + x. What are the prime factors of b?
2, 3
Let g(t) = -t**3 - 11*t**2 + 6. Let i(y) = -3*y**2 + y - 1. Let m = 14 + -12. Let n be i(m). List the prime factors of g(n).
2, 3
Suppose -15